e factors of 73264055?
5, 14652811
What are the prime factors of 8187771577?
8187771577
List the prime factors of 146904248.
2, 18363031
What are the prime factors of 97439801?
17, 997, 5749
List the prime factors of 1171617799.
11, 127, 838667
List the prime factors of 65075415.
3, 5, 37, 3169
List the prime factors of 176654907.
3, 11, 13, 317, 433
What are the prime factors of 27286796?
2, 29, 235231
What are the prime factors of 76736251?
1093, 70207
What are the prime factors of 8221966231?
43, 131, 421, 3467
What are the prime factors of 5470973525?
5, 19, 593, 19423
What are the prime factors of 734235018?
2, 3, 11, 1011343
List the prime factors of 108669598.
2, 41, 293, 4523
List the prime factors of 7832532.
2, 3, 103, 6337
List the prime factors of 421282767.
3, 140427589
What are the prime factors of 1361344058?
2, 883, 770863
What are the prime factors of 1205517177?
3, 133946353
List the prime factors of 41787448.
2, 5223431
List the prime factors of 19626425.
5, 7, 13, 8627
List the prime factors of 460353716.
2, 2207, 52147
What are the prime factors of 1711469864?
2, 13, 16456441
List the prime factors of 3080596506.
2, 3, 13, 1759, 22453
List the prime factors of 163178922.
2, 3, 27196487
What are the prime factors of 1921498949?
179, 883, 12157
What are the prime factors of 962406?
2, 3, 127, 421
What are the prime factors of 79829816?
2, 11, 79, 11483
List the prime factors of 41738796.
2, 3, 11, 105401
List the prime factors of 1287411286.
2, 7, 1511, 60859
List the prime factors of 3233487309.
3, 13, 2237, 2851
List the prime factors of 648401558.
2, 7, 43, 1077079
List the prime factors of 1888026.
2, 3, 7, 44953
List the prime factors of 59909831.
19, 3153149
List the prime factors of 1365916571.
23, 59387677
What are the prime factors of 8925904?
2, 13, 3301
List the prime factors of 2449848823.
71, 34504913
What are the prime factors of 114506360?
2, 5, 1063, 2693
List the prime factors of 2681633476.
2, 19, 157, 224743
What are the prime factors of 1125930631?
7, 2707, 59419
List the prime factors of 1007756701.
7, 83, 89, 19489
List the prime factors of 9879839.
17, 601, 967
What are the prime factors of 73128940?
2, 5, 3656447
What are the prime factors of 140599970?
2, 5, 7, 2008571
What are the prime factors of 3021749687?
11, 274704517
What are the prime factors of 2258095660?
2, 5, 19, 5942357
List the prime factors of 76254204.
2, 3, 13, 167, 2927
List the prime factors of 73730190.
2, 3, 5, 17, 144569
What are the prime factors of 1119872?
2, 13, 673
List the prime factors of 97770806.
2, 7, 6983629
What are the prime factors of 392534248?
2, 311, 157771
What are the prime factors of 29475178?
2, 17, 866917
List the prime factors of 4192946957.
22571, 185767
List the prime factors of 68203898.
2, 7, 17, 53, 5407
List the prime factors of 2358315680.
2, 5, 7, 251, 8389
List the prime factors of 8970295.
5, 67, 26777
List the prime factors of 1216389085.
5, 243277817
List the prime factors of 207163764.
2, 3, 19, 100957
What are the prime factors of 98490710?
2, 5, 613, 16067
List the prime factors of 1753340359.
41, 42764399
What are the prime factors of 275812053?
3, 11, 31, 53, 5087
What are the prime factors of 38228715?
3, 5, 7, 157, 773
List the prime factors of 159714578.
2, 79857289
List the prime factors of 77652332.
2, 19413083
What are the prime factors of 628649737?
628649737
What are the prime factors of 3088733646?
2, 3, 514788941
List the prime factors of 70850598.
2, 3, 7, 13, 129763
What are the prime factors of 1889422076?
2, 181, 2609699
List the prime factors of 50369862.
2, 3, 23, 383, 953
List the prime factors of 51846643.
293, 176951
List the prime factors of 469214960.
2, 5, 17, 345011
List the prime factors of 519915.
3, 5, 11, 23, 137
List the prime factors of 77092342.
2, 38546171
What are the prime factors of 242818432?
2, 263, 7213
List the prime factors of 863622563.
67, 12889889
List the prime factors of 859021423.
13, 5082967
List the prime factors of 631744235.
5, 126348847
List the prime factors of 1196339486.
2, 227, 2635109
What are the prime factors of 32338409?
2111, 15319
List the prime factors of 160177371.
3, 5953, 8969
List the prime factors of 90856840.
2, 5, 17, 53, 2521
List the prime factors of 1026982211.
1026982211
What are the prime factors of 76699687?
23, 149, 22381
List the prime factors of 485032986.
2, 3, 26946277
List the prime factors of 252495577.
17, 823, 18047
List the prime factors of 83536073.
83536073
What are the prime factors of 22646873?
17, 1332169
List the prime factors of 2931570417.
3, 18341, 53279
List the prime factors of 108144007.
37, 2922811
List the prime factors of 53755785.
3, 5, 17, 59, 397
List the prime factors of 215485320.
2, 3, 5, 353, 5087
List the prime factors of 226600696.
2, 7, 578063
What are the prime factors of 1109458220?
2, 5, 13, 29, 269, 547
List the prime factors of 35392484.
2, 8848121
What are the prime factors of 2374810814?
2, 1187405407
What are the prime factors of 42261802?
2, 11, 1920991
What are the prime factors of 848222966?
2, 19, 1609, 13873
List the prime factors of 785444742.
2, 3, 71, 349, 587
List the prime factors of 1736566610.
2, 5, 43, 103, 39209
What are the prime factors of 305427928?
2, 13, 2936807
List the prime factors of 198278357.
19, 139, 193, 389
What are the prime factors of 6268907821?
11, 569900711
What are the prime factors of 304786751?
4201, 72551
What are the prime factors of 1000402636?
2, 250100659
List the prime factors of 2417940638.
2, 8597, 140627
What are the prime factors of 100764147?
3, 11, 107, 28537
List the prime factors of 1220056179.
3, 2999, 135607
What are the prime factors of 50511233?
17, 61, 67, 727
What are the prime factors of 66679511?
47, 107, 13259
What are the prime factors of 434415138?
2, 3, 72402523
What are the prime factors of 1130477103?
3, 7, 709, 25309
List the prime factors of 17917086.
2, 3, 11, 271471
What are the prime factors of 461486038?
2, 13, 401, 44263
What are the prime factors of 1993833702?
2, 3, 7, 3511, 4507
List the prime factors of 298522929.
3, 99507643
List the prime factors of 471649869.
3, 4643, 11287
List the prime factors of 7505907403.
283, 26522641
What are the prime factors of 312469?
312469
What are the prime factors of 261730832?
2, 11, 97, 15331
What are the prime factors of 2227928105?
5, 13, 34275817
List the prime factors of 27443547.
3, 73, 41771
What are the prime factors of 2527833?
3, 7, 11, 31, 353
What are the prime factors of 2983556200?
2, 5, 1607, 9283
What are the prime factors of 41882436?
2, 3, 73, 15937
What are the prime factors of 48778391?
53, 337, 2731
What are the prime factors of 552490760?
2, 5, 71, 227, 857
List the prime factors of 550387389.
3, 337, 544399
What are the prime factors of 6069148559?
5639, 1076281
List the prime factors of 347706469.
11, 31609679
List the prime factors of 126333852.
2, 3, 1249, 8429
List the prime factors of 102314733.
3, 1019, 33469
List the prime factors of 1927455538.
2, 911, 1057879
List the prime factors of 40863190.
2, 5, 97, 103, 409
What are the prime factors of 1368849465?
3, 5, 101, 301177
List the prime factors of 531711281.
127, 4186703
List the prime factors of 583310279.
19, 47, 653203
List the prime factors of 21115585.
5, 4223117
List the prime factors of 72440520.
2, 3, 5, 211, 2861
List the prime factors of 39132632.
2, 7, 11, 63527
List the prime factors of 220211090.
2, 5, 11, 2001919
What are the prime factors of 1304868876?
2, 3, 108739073
List the prime factors of 547807063.
547807063
List the prime factors of 212240689.
79, 2686591
List the prime factors of 3486241779.
3, 47, 83, 297893
What are the prime factors of 545207317?
127, 269, 15959
What are the prime factors of 136158880?
2, 5, 11, 13, 541
List the prime factors of 1885879293.
3, 2207, 284833
What are the prime factors of 54010107?
3, 43, 67, 2083
List the prime factors of 48856287.
3, 307, 53047
List the prime factors of 114837266.
2, 57418633
What are the prime factors of 747791689?
467, 1601267
What are the prime factors of 11807017?
11807017
List the prime factors of 2803962798.
2, 3, 7, 13, 23, 24809
List the prime factors of 30130896.
2, 3, 73, 8599
List the prime fa